{"id":1157,"date":"2024-04-25T23:32:22","date_gmt":"2024-04-25T21:32:22","guid":{"rendered":"https:\/\/suitelibre.fr\/?page_id=1157"},"modified":"2024-11-13T16:25:54","modified_gmt":"2024-11-13T15:25:54","slug":"sculpture-bloc-165","status":"publish","type":"page","link":"https:\/\/suitelibre.fr\/index.php\/sculpture-bloc-165\/","title":{"rendered":"Sculpture BLOC 165"},"content":{"rendered":"\n<p class=\"has-black-color has-text-color has-link-color has-small-font-size wp-elements-dfa4b822d41c946222b7fa8211985121\">Acier textur\u00e9, oxyd\u00e9 et poli<br>sur platine acier<br>Dimensions (cm) : h 165 x 50 x 5,5<br>8 exemplaires num\u00e9rot\u00e9s<\/p>\n\n\n\n<figure class=\"wp-block-gallery has-nested-images columns-1 is-cropped wp-block-gallery-1 is-layout-flex wp-block-gallery-is-layout-flex\"><div class=\"wp-block-image\">\n<figure class=\"aligncenter size-large\"><img loading=\"lazy\" decoding=\"async\" width=\"925\" height=\"1024\" data-id=\"1455\" src=\"https:\/\/suitelibre.fr\/wp-content\/uploads\/2024\/07\/Corps-165-1-925x1024.jpg\" alt=\"\" class=\"wp-image-1455\" srcset=\"https:\/\/suitelibre.fr\/wp-content\/uploads\/2024\/07\/Corps-165-1-925x1024.jpg 925w, https:\/\/suitelibre.fr\/wp-content\/uploads\/2024\/07\/Corps-165-1-271x300.jpg 271w, https:\/\/suitelibre.fr\/wp-content\/uploads\/2024\/07\/Corps-165-1-768x850.jpg 768w, https:\/\/suitelibre.fr\/wp-content\/uploads\/2024\/07\/Corps-165-1-1387x1536.jpg 1387w, https:\/\/suitelibre.fr\/wp-content\/uploads\/2024\/07\/Corps-165-1.jpg 1806w\" sizes=\"auto, (max-width: 706px) 89vw, (max-width: 767px) 82vw, 740px\" \/><\/figure>\n<\/div>\n\n<div class=\"wp-block-image\">\n<figure class=\"aligncenter size-large\"><img loading=\"lazy\" decoding=\"async\" width=\"1024\" height=\"747\" data-id=\"1341\" src=\"https:\/\/suitelibre.fr\/wp-content\/uploads\/2024\/05\/Corps-165-4-1024x747.jpg\" alt=\"\" class=\"wp-image-1341\" srcset=\"https:\/\/suitelibre.fr\/wp-content\/uploads\/2024\/05\/Corps-165-4-1024x747.jpg 1024w, https:\/\/suitelibre.fr\/wp-content\/uploads\/2024\/05\/Corps-165-4-300x219.jpg 300w, https:\/\/suitelibre.fr\/wp-content\/uploads\/2024\/05\/Corps-165-4-768x560.jpg 768w, https:\/\/suitelibre.fr\/wp-content\/uploads\/2024\/05\/Corps-165-4-1536x1121.jpg 1536w, https:\/\/suitelibre.fr\/wp-content\/uploads\/2024\/05\/Corps-165-4.jpg 2000w\" sizes=\"auto, (max-width: 706px) 89vw, (max-width: 767px) 82vw, 740px\" \/><\/figure>\n<\/div>\n\n<div class=\"wp-block-image\">\n<figure class=\"aligncenter size-large\"><img loading=\"lazy\" decoding=\"async\" width=\"682\" height=\"1024\" data-id=\"1456\" src=\"https:\/\/suitelibre.fr\/wp-content\/uploads\/2024\/07\/Corps-165-2-682x1024.jpg\" alt=\"\" class=\"wp-image-1456\" srcset=\"https:\/\/suitelibre.fr\/wp-content\/uploads\/2024\/07\/Corps-165-2-682x1024.jpg 682w, https:\/\/suitelibre.fr\/wp-content\/uploads\/2024\/07\/Corps-165-2-200x300.jpg 200w, https:\/\/suitelibre.fr\/wp-content\/uploads\/2024\/07\/Corps-165-2-768x1152.jpg 768w, https:\/\/suitelibre.fr\/wp-content\/uploads\/2024\/07\/Corps-165-2-1024x1536.jpg 1024w, https:\/\/suitelibre.fr\/wp-content\/uploads\/2024\/07\/Corps-165-2.jpg 1333w\" sizes=\"auto, (max-width: 682px) 100vw, 682px\" \/><\/figure>\n<\/div><\/figure>\n\n\n<div class=\"wp-block-image\">\n<figure class=\"aligncenter size-large is-resized\"><img loading=\"lazy\" decoding=\"async\" width=\"836\" height=\"1024\" src=\"https:\/\/suitelibre.fr\/wp-content\/uploads\/2024\/07\/Corps-165-3-836x1024.jpg\" alt=\"\" class=\"wp-image-1457\" style=\"width:674px;height:auto\" srcset=\"https:\/\/suitelibre.fr\/wp-content\/uploads\/2024\/07\/Corps-165-3-836x1024.jpg 836w, https:\/\/suitelibre.fr\/wp-content\/uploads\/2024\/07\/Corps-165-3-245x300.jpg 245w, https:\/\/suitelibre.fr\/wp-content\/uploads\/2024\/07\/Corps-165-3-768x941.jpg 768w, https:\/\/suitelibre.fr\/wp-content\/uploads\/2024\/07\/Corps-165-3-1253x1536.jpg 1253w, https:\/\/suitelibre.fr\/wp-content\/uploads\/2024\/07\/Corps-165-3.jpg 1632w\" sizes=\"auto, (max-width: 706px) 89vw, (max-width: 767px) 82vw, 740px\" \/><\/figure>\n<\/div>\n\n<div class=\"wp-block-image\">\n<figure class=\"aligncenter size-large\"><img loading=\"lazy\" decoding=\"async\" width=\"809\" height=\"1024\" src=\"https:\/\/suitelibre.fr\/wp-content\/uploads\/2024\/07\/Corps-165-4-809x1024.jpg\" alt=\"\" class=\"wp-image-1458\" srcset=\"https:\/\/suitelibre.fr\/wp-content\/uploads\/2024\/07\/Corps-165-4-809x1024.jpg 809w, https:\/\/suitelibre.fr\/wp-content\/uploads\/2024\/07\/Corps-165-4-237x300.jpg 237w, https:\/\/suitelibre.fr\/wp-content\/uploads\/2024\/07\/Corps-165-4-768x972.jpg 768w, https:\/\/suitelibre.fr\/wp-content\/uploads\/2024\/07\/Corps-165-4-1213x1536.jpg 1213w, https:\/\/suitelibre.fr\/wp-content\/uploads\/2024\/07\/Corps-165-4.jpg 1580w\" sizes=\"auto, (max-width: 706px) 89vw, (max-width: 767px) 82vw, 740px\" \/><\/figure>\n<\/div>\n\n\n<h2 class=\"wp-block-heading\"><a href=\"https:\/\/suitelibre.fr\/index.php\/contact\/\" data-type=\"page\" data-id=\"499\">Contact<\/a><\/h2>\n\n\n<div class=\"widget widget_nav_menu\"><h2 class=\"widgettitle\">Navigation<\/h2><nav class=\"menu-nav-container\" aria-label=\"Navigation\"><ul id=\"menu-nav\" class=\"menu\"><li id=\"menu-item-552\" class=\"menu-item menu-item-type-post_type menu-item-object-page menu-item-552\"><a href=\"https:\/\/suitelibre.fr\/index.php\/a-propos-de\/\">\u00c0 propos<\/a><\/li>\n<li id=\"menu-item-553\" class=\"menu-item menu-item-type-post_type menu-item-object-page menu-item-home menu-item-553\"><a href=\"https:\/\/suitelibre.fr\/\">Des \u00e9quilibres<\/a><\/li>\n<li id=\"menu-item-701\" class=\"menu-item menu-item-type-post_type menu-item-object-page menu-item-701\"><a href=\"https:\/\/suitelibre.fr\/index.php\/sculptures\/\">SCULPTURES<\/a><\/li>\n<li id=\"menu-item-558\" class=\"menu-item menu-item-type-post_type menu-item-object-page menu-item-558\"><a href=\"https:\/\/suitelibre.fr\/index.php\/blog\/\">ATELIER<\/a><\/li>\n<li id=\"menu-item-777\" class=\"menu-item menu-item-type-post_type menu-item-object-page menu-item-777\"><a href=\"https:\/\/suitelibre.fr\/index.php\/estampes\/\">ESTAMPES<\/a><\/li>\n<li id=\"menu-item-891\" class=\"menu-item menu-item-type-taxonomy menu-item-object-category menu-item-891\"><a href=\"https:\/\/suitelibre.fr\/index.php\/category\/blog-actualite\/\">ACTUALIT\u00c9S<\/a><\/li>\n<li id=\"menu-item-551\" class=\"menu-item menu-item-type-post_type menu-item-object-page menu-item-551\"><a href=\"https:\/\/suitelibre.fr\/index.php\/contact\/\">Contact<\/a><\/li>\n<\/ul><\/nav><\/div>","protected":false},"excerpt":{"rendered":"<p>Acier textur\u00e9, oxyd\u00e9 et polisur platine acierDimensions (cm) : h 165 x 50 x 5,58 exemplaires num\u00e9rot\u00e9s Contact<\/p>\n","protected":false},"author":1,"featured_media":1087,"parent":0,"menu_order":0,"comment_status":"closed","ping_status":"closed","template":"","meta":{"footnotes":""},"class_list":["post-1157","page","type-page","status-publish","has-post-thumbnail","hentry"],"_links":{"self":[{"href":"https:\/\/suitelibre.fr\/index.php\/wp-json\/wp\/v2\/pages\/1157","targetHints":{"allow":["GET"]}}],"collection":[{"href":"https:\/\/suitelibre.fr\/index.php\/wp-json\/wp\/v2\/pages"}],"about":[{"href":"https:\/\/suitelibre.fr\/index.php\/wp-json\/wp\/v2\/types\/page"}],"author":[{"embeddable":true,"href":"https:\/\/suitelibre.fr\/index.php\/wp-json\/wp\/v2\/users\/1"}],"replies":[{"embeddable":true,"href":"https:\/\/suitelibre.fr\/index.php\/wp-json\/wp\/v2\/comments?post=1157"}],"version-history":[{"count":13,"href":"https:\/\/suitelibre.fr\/index.php\/wp-json\/wp\/v2\/pages\/1157\/revisions"}],"predecessor-version":[{"id":1671,"href":"https:\/\/suitelibre.fr\/index.php\/wp-json\/wp\/v2\/pages\/1157\/revisions\/1671"}],"wp:featuredmedia":[{"embeddable":true,"href":"https:\/\/suitelibre.fr\/index.php\/wp-json\/wp\/v2\/media\/1087"}],"wp:attachment":[{"href":"https:\/\/suitelibre.fr\/index.php\/wp-json\/wp\/v2\/media?parent=1157"}],"curies":[{"name":"wp","href":"https:\/\/api.w.org\/{rel}","templated":true}]}}